00)/j. What is the greatest common divisor of w and 43?
43
Suppose 5*g + 195 = 840. Suppose g = 3*v + 3*h, -v - v + 95 = -h. Suppose -5*u = -v + 1. What is the greatest common factor of 63 and u?
9
Suppose 18*r - 1068 = 8058. Suppose 506*a = r*a - 76. Suppose 4*o + 3*z - 158 = 0, 5*o = 3*o - z + 78. Calculate the highest common factor of a and o.
38
Let f(r) = r**3 - 45*r**2 + 42*r + 94. Let u be f(44). Suppose 145 = 5*x - 11*m + u*m, 5*x + 4*m - 154 = 0. What is the highest common divisor of 100 and x?
10
Suppose 181*j = 2831 + 1694. Let h be (-1)/(-1) - (-1)/1. Let n be ((-2)/(-2))/(h/50). Calculate the highest common factor of j and n.
25
Let c = -75 + 76. Let m be (0 + 9)/(c/6*1). Let w(r) = -r**2 - 7*r + 6. Let d be w(-7). Calculate the greatest common factor of d and m.
6
Suppose 4*g - 1316 = 271*k - 272*k, g + 3*k = 329. Calculate the highest common factor of g and 39809.
329
Let n be (-58)/(-1 + 3) - -4. Let w = n + 46. Let o(s) = 4*s**3 - 4*s**2 - 2*s + 5. Let i be o(4). Calculate the greatest common factor of i and w.
21
Let t(g) = g**2 - 216*g + 7506. Let q be t(174). Calculate the greatest common divisor of q and 4290.
66
Let g be (-96)/18 - -5 - 166/6*-200. What is the highest common divisor of 11 and g?
11
Let f be 361*47 - 8*403/248. Calculate the highest common divisor of f and 346.
346
Let x(o) = -20*o + 163. Let n be x(8). Calculate the greatest common factor of n and 64.
1
Let o(m) = m**2 - 28*m - 79. Let d be o(-8). Let r(j) = 4*j**2 - 2*j - 1. Let u be r(-2). What is the greatest common factor of u and d?
19
Suppose 20*a = 44 + 96. Suppose -a*l = -9*l + 108. What is the greatest common divisor of 36 and l?
18
Suppose 2*v + 11 - 1 = 0, 0 = 5*r + 5*v - 15. Suppose 0 = r*g + 328 - 352. What is the greatest common divisor of 4 and g?
1
Suppose 326*c - 329*c = -33. Suppose -c*h = 12*h - 3059. What is the greatest common divisor of 7 and h?
7
Let r be 1*(-6)/(-9)*-36. Let x = r - -35. Let i = -14867 + 14889. What is the greatest common divisor of i and x?
11
Let n(f) = 3 - 22*f + 0 + 6*f. Let z be n(-3). Suppose -31*t + 10 = -29*t, 2*w - 5*t = 689. What is the greatest common divisor of w and z?
51
Let b be (1 + -57)/((-25)/(-50)). Let l = b + 211. What is the greatest common factor of 11 and l?
11
Let b be (-56)/(-21)*6/4. Let p be (b/(-5))/(20/(-150)). Let z = 402 - 401. Calculate the greatest common factor of p and z.
1
Let p(t) be the second derivative of t**3/6 + 25*t**2/2 - 159*t. Let n be (-4)/(-22) + 945/(-55). Let a be p(n). What is the highest common divisor of 12 and a?
4
Suppose -10 - 8 = -c. Suppose 0 = 4*r + 2 + c, p - 2*r - 40 = 0. Let m = 28 - -62. What is the greatest common divisor of p and m?
30
Suppose 5*b = -0*p - 3*p + 25, -p - 4*b = -20. Let r(f) = 4 + p - 34*f + f. Let y be r(-2). What is the highest common factor of y and 14?
14
Let c(u) = 2*u - 6. Let t be c(5). Suppose -i - 834 = -4*y, -6*i + 842 = t*y - 3*i. Let h = -104 + 123. Calculate the highest common divisor of y and h.
19
Let f(i) = i**2 + 2*i - 1. Let q be f(-5). Let t be 428/7 + (-2)/q. Suppose -4*z + t = -23. Calculate the greatest common divisor of z and 189.
21
Suppose 2*a = 4*i + 370 + 468, -2111 = -5*a + 2*i. Calculate the highest common factor of 47 and a.
47
Let p(a) = 3*a**3 - 27*a**2 - 41*a - 106. Let y(l) = -l**3 + l + 1. Let t(i) = -p(i) - 4*y(i). Let c be t(-25). What is the highest common factor of 7 and c?
7
Let u be 1 - (-280)/36 - 22/(-99). Suppose -u*y - 382 = -409. What is the greatest common divisor of 6 and y?
3
Let c = -2887 - -4364. What is the highest common factor of c and 14?
7
Let y be 308/(-132)*(1 + -53 + 1). Let p = y + -95. What is the highest common divisor of 624 and p?
24
Let o(s) = 115*s**2 + 34*s - 40. Let t be o(4). Calculate the greatest common divisor of 16 and t.
16
Let j(v) = v + 23*v**2 + 17*v**3 - 1797 - 18*v**3 + 1775. Let k(o) = o**3 + 23. Let i be k(0). Let r be j(i). Calculate the greatest common divisor of 8 and r.
1
Suppose 0 = 5*i, -58*r + 4*i - 12480 = -61*r. Calculate the highest common divisor of r and 26.
26
Let o = -1904 - -2564. What is the highest common divisor of o and 275?
55
Let x be 1323/18*4/6. Suppose x*o = 42*o + 70. Calculate the greatest common divisor of 45 and o.
5
Suppose -10 = -5*o, 3*x - x - 10 = -2*o. Suppose 17 = -2*i - x*n + 50, -2*n = -5*i + 111. What is the highest common divisor of i and 12?
3
Suppose 412*i - 128*i - 2685 = 1575. Let c(k) = k**2 + 2*k - 5. Let p be c(-4). Calculate the greatest common divisor of i and p.
3
Let n be ((-11)/66 + (-1001)/42)*(-5)/4. What is the greatest common factor of n and 1130?
10
Suppose 8*b - 1925 = 3*b. What is the greatest common divisor of 495 and b?
55
Let b(a) = -a**3 - 5*a**2 - 6*a. Let m be b(-3). Let o = m + 65. Suppose 5*y - 255 = -o. What is the greatest common divisor of y and 57?
19
Let p(y) = 48*y + 15. Let h(c) = 12*c + 5. Let x(m) = 9*h(m) - 2*p(m). Let d be x(3). What is the greatest common factor of 153 and d?
51
Let x be (-4 + 5)*(-3)/(-3) - (-23 + -144). Calculate the highest common divisor of x and 9100.
28
Let k = -3885 + 4260. Calculate the greatest common factor of 405 and k.
15
Let y be 12*(-102)/(-120)*(-40)/(-12). What is the highest common divisor of y and 1615?
17
Let y(h) = 13*h**2 - 5*h. Let v be y(1). Suppose v*r = 3*p + 7*r - 119, 5*p = -r + 201. What is the greatest common divisor of 8 and p?
8
Suppose 3*a - 2*p = -0*p + 19, 0 = -5*p + 5. Let j = 10638 + -10561. Calculate the highest common factor of a and j.
7
Let w be ((8/3)/(348/261))/((-2)/(-402)). Calculate the highest common divisor of w and 30.
6
Let w be (-9 - 164/(-16))/(2/8). Suppose -75 = w*f - 10*f + 3*r, -3*f + 45 = -4*r. What is the greatest common factor of f and 60?
15
Suppose 0 = -65*f - 46*f + 86*f + 38900. Calculate the greatest common divisor of f and 8.
4
Let d = 41 - 11. Suppose 4*x - 2*q = -x + 35, -q = -5*x + d. Suppose 2*z = -x*s + 26 - 1, 0 = 4*z + 2*s - 58. Calculate the highest common divisor of 45 and z.
15
Let u be (-5)/4 - 1950/(-24). What is the highest common factor of u and 60?
20
Let k(d) = -d**2 - 8*d - 24. Let c be k(10). Let v = c - -231. What is the highest common divisor of 54 and v?
27
Let p = -30 - -35. Let d be 120 + 0/(3 + -1). Suppose 10*u - d = 7*u. What is the greatest common divisor of u and p?
5
Let o be (6/(-9) - -1)/((-10)/(-120)). Suppose -2*k - 184 = -o*k. Calculate the highest common factor of k and 69.
23
Let k be (-736)/(-24) + 2/(-3). Suppose 314 = -5*m + 3*f, 6 = -2*f - f. Let u be 24/m - (-815)/40. What is the greatest common factor of k and u?
10
Let u(g) = g**3 + 27*g**2 + 50*g + 18. Let b be u(-25). Let i = -103 + 184. Calculate the highest common divisor of b and i.
9
Let j be -4 - (-2 + 210/(-5)). Let g be -4 + 44 + 10 + 6. Calculate the greatest common factor of g and j.
8
Let z be (-2)/(-2) + (-3 - 3). Let o(s) = 16*s - 32. Let u be o(z). Let q = u + 123. What is the highest common divisor of 44 and q?
11
Suppose 0 = 5*a - 0*a - 45. Suppose 4*f = 4*c - 36, -4*f - f = c + a. Let p be 2/c - (-955)/15. What is the highest common factor of 16 and p?
16
Let a be 220/18 + 14/(-63). Suppose 3*j + 0 = 4*v - 78, 95 = 5*v - 5*j. Calculate the greatest common divisor of v and a.
3
Let x(y) = -109*y + 10203. Let j be x(93). Suppose -5*t = 478 - 23. Let n = t + 135. What is the greatest common factor of j and n?
22
Suppose -39*q + 1704 = -15*q. Calculate the greatest common divisor of q and 1136.
71
Suppose 2*u + 8 = -4. Suppose -2*t = 7*t - 5*t. Let k be ((-18)/u)/(-3) - (t - 13). What is the highest common divisor of 48 and k?
12
Let d = -124 + 205. Suppose 3*i = 0, 4*o + 29 - d = -5*i. Suppose -11*u - 4099 = -106*u + 841. What is the greatest common factor of u and o?
13
Let y(v) = 37*v + 20. Let l be y(4). Suppose -2*x + 64 + 48 = 0. What is the greatest common factor of x and l?
56
Let u(w) = -8*w**3 - 37*w**2 + 11*w + 42. Let l be u(-6). Calculate the highest common factor of 60 and l.
12
Let n(t) = -t - 3. Let j be n(-7). Suppose 22 = j*z - 18. Suppose 0*d - 4*l = -d + 56, -2*d + 100 = -5*l. What is the highest common divisor of z and d?
10
Let i be (5/((-120)/(-32)))/(8*3/1890). Calculate the greatest common divisor of 1245 and i.
15
Let x be (1910/(-15) + 0 - 6)*315/(-5). What is th